= -i. Let j be c(0). Suppose j = -5*l - 5*p + 2*p + 49, -4*l - 5*p = -47. Let m = 4 + l. List the prime factors of m.
2, 3
Suppose 35 = c - 2. Let w = c - -101. Suppose -2*i + 5*i - w = 0. List the prime factors of i.
2, 23
Let s = -13 + 13. Suppose s*m = 4*m + 28. Let i(q) = -q**3 - 7*q**2 - 4*q + 5. What are the prime factors of i(m)?
3, 11
Let p be 163 - -3*(-4 - -3). Suppose 2*t + 3*t + p = 5*a, 118 = 4*a - 2*t. Let k = a + 3. What are the prime factors of k?
2, 3, 5
Suppose -16 = -t - 3*c - 7, c + 7 = 3*t. Suppose 2*l - t - 1 = 0. Suppose -u - l*k + 31 - 11 = 0, -k + 1 = 0. What are the prime factors of u?
2, 3
What are the prime factors of 1034/3 - 55/33?
7
Let g = -40 + 32. What are the prime factors of (g/(-8))/((-2)/(-4))?
2
Let r = 9 - 13. Suppose 60 = 2*h + 3*x, -5*x + 2*x + 33 = h. Let g = r + h. What are the prime factors of g?
23
Suppose 3*t - 4*t = -5*v - 22, -35 = 5*t + 4*v. What are the prime factors of (t + (-4 - -5))/((-2)/167)?
167
Suppose w + 3*w - 14 = -c, -4*c = -5*w + 28. Suppose 0 = -7*y + 5*y + w. Suppose y*a - 54 = -0*a. What are the prime factors of a?
3
Let z be 5/15 + (-71)/(-3). Suppose 4*c + 3*f + 28 = -0*c, -3*f = 3*c + z. List the prime factors of -1*3 - (c + -23).
2, 3
Let x = 18 - 52. Let n = x + 59. What are the prime factors of n?
5
Let s = -373 + 843. What are the prime factors of s?
2, 5, 47
Suppose 233 - 25 = 4*w. What are the prime factors of (w/(-2) - 2)/(-2) + -3?
11
Let z(s) be the second derivative of s**5/20 - s**4/2 + 5*s**3/6 + 3*s**2/2 - 2*s. Let a be 1 + 2 - (7 - 9). What are the prime factors of z(a)?
3
Let g(b) = 7*b + 4. Let p be g(2). Let s = p + -18. Suppose -4*w - 104 = -2*m, 2*m - w - 4*w - 108 = s. What are the prime factors of m?
2, 11
Suppose 0*q - 4*q - 32 = -4*y, 5*q - 30 = -5*y. Suppose -z + 62 - y = 0. List the prime factors of z.
5, 11
Suppose 75 = 5*x + 5*p, -x - 3 = 4*p - 30. Suppose f = -0*f + x. Suppose -30 = -14*w + f*w. List the prime factors of w.
2, 5
Let k(u) = -399*u**3 + 13*u + 14. List the prime factors of k(-1).
2, 5
Let b(s) = -3*s**3 + 13*s**2 + 7*s + 7. What are the prime factors of b(-5)?
2, 3, 7
Suppose 340 = 2*w + 2*l, -5*l - 312 = 13*w - 15*w. List the prime factors of w.
2, 83
Let p be (-2)/3 + 4/6. Suppose -3*d + 4*j + 407 = -p*j, 0 = d - j - 134. What are the prime factors of d?
3, 43
Suppose -5*u + 11956 = 4*h + 1952, -7998 = -4*u + 2*h. List the prime factors of u.
2, 5
Suppose 2*f + 2330 = 4*f + 4*t, 3*f - 3*t - 3450 = 0. What are the prime factors of f?
3, 5, 7, 11
Suppose -9*y = -12*y + 1494. List the prime factors of y.
2, 3, 83
Suppose -997 + 289 = -3*a. Suppose -33*b = -35*b + a. What are the prime factors of b?
2, 59
Let p(z) = z**3 - 2*z**2 - 2*z - 1. Let q be p(3). Suppose 0 = q*i + i + 30. Let x(a) = -a**3 - 11*a**2 - 14*a - 25. What are the prime factors of x(i)?
3, 5
Let t be 1/(3/51) - 1. Suppose 14*z = t*z - 502. List the prime factors of z.
251
Suppose 16*v + 119 = 20*v + 5*l, -3 = 3*l. What are the prime factors of v?
31
Let z(g) = g**2 + 10*g - 21. Let b be z(-14). Let f = b - -82. What are the prime factors of f?
3, 13
Suppose 52*p = 62*p - 9930. What are the prime factors of p?
3, 331
Suppose 11*l - 6*l = 320. What are the prime factors of l?
2
Suppose 3*o - 49 = -37. Suppose o*a - 33 = 675. What are the prime factors of a?
3, 59
What are the prime factors of (-16)/56 + 22024/7?
2, 11, 13
Let f = 1610 - 179. What are the prime factors of f?
3, 53
Let i = 11 - 10. Suppose m = -6 - i. Let s(b) = -4*b - 1. What are the prime factors of s(m)?
3
Let l = 27 + -15. What are the prime factors of l?
2, 3
Let r = -563 + 985. List the prime factors of r.
2, 211
Let v(s) = 68*s + 3. Let c(u) = u**2 + 2. Let k be c(0). What are the prime factors of v(k)?
139
Let j = 9 + 1. Let n be (-198)/(-55) - (-4)/j. List the prime factors of (-6)/4 + 254/n.
2, 31
Let f be ((-92)/10)/((-6)/60). Suppose 0 = -4*n + f + 52. What are the prime factors of n?
2, 3
Suppose -2*d + 3*d + 4*c = 246, -2*d = -c - 537. Suppose 3*i - q - 192 = 0, 4*i + 3*q = q + d. What are the prime factors of i?
5, 13
Let x(p) = 2*p**2 - 13*p + 17. Suppose -t = 1, -2*q - t - 37 = -6*q. Let n be x(q). Let c = 108 - n. What are the prime factors of c?
2, 23
Suppose 4*p = 6*p + 4*u - 920, 2*u = -4*p + 1870. What are the prime factors of p?
2, 5, 47
Let k be 646/(-3) - (-8)/(-12). Let y = 145 + k. Let b = -43 - y. List the prime factors of b.
2, 7
Suppose -2*t + 11 - 5 = -p, 5*t - 15 = 3*p. Let u(o) be the second derivative of -o**3/6 + 6*o**2 - 4*o. What are the prime factors of u(p)?
2, 3
Let u be 16/(-6)*(-3)/1. Suppose -352 = 10*i - 26*i. Let r = i - u. What are the prime factors of r?
2, 7
Let t = 145 + -67. Let j = 103 - t. List the prime factors of j.
5
Let f be (18 - 13)/((-1)/(-25)). Suppose -f = c - 6*c - 2*g, -3*c + 106 = -5*g. List the prime factors of c.
3
Let w(u) = 36*u + 186. What are the prime factors of w(9)?
2, 3, 5, 17
Let r = -1572 + 2212. List the prime factors of r.
2, 5
Let z be 3/((-3)/(-65)) + (14 - 14). Suppose -z = x - 252. List the prime factors of x.
11, 17
List the prime factors of ((-165)/44 - 1/4)*-76.
2, 19
Let h be (-5)/10 - 10/(-4). Suppose 6*y - h*y + z - 40 = 0, 0 = 4*y - 2*z - 40. What are the prime factors of (62 - 0)*5/y?
31
What are the prime factors of 12/28 + (-1 - (-8160)/21)?
2, 97
Let l(q) be the first derivative of -q**6/120 + 7*q**5/60 - q**3 + 7*q**2/2 + 2. Let x(s) be the second derivative of l(s). List the prime factors of x(5).
2, 11
Let w = 490 + -202. What are the prime factors of w?
2, 3
Suppose -2*o - 21 = -9. Let h be (-3 + 0)/o*-2. List the prime factors of 61 - (-3 + h + 3).
2, 31
Suppose 0 = -0*w - 8*w + 32. Suppose -2*s + 2*p = 22 - 54, w*p = -4*s + 40. Let u(i) = i**3 - 13*i**2 + 18. List the prime factors of u(s).
2, 3
Let s = -10 - -12. Let a(x) = 2 - 2*x**3 - x**s - 2*x**2 + 0*x - x. List the prime factors of a(-2).
2
Suppose 5*h + 2*x = 854, 503 = 5*h + 3*x - 348. Let r = -104 + h. What are the prime factors of r?
2, 17
Suppose u - 4*o = 3*u - 286, o - 404 = -3*u. Let a = u - -88. List the prime factors of a.
13, 17
Let q be (8/10)/((-9044)/1505 + 6). Let u = q + 301. What are the prime factors of u?
5, 43
Suppose -2*b - 57 + 349 = 0. Let n = b + 56. List the prime factors of n.
2, 101
Let d be 4/8*-6*1. Let i be -3 + (-2 - d - -12). Suppose 0 = 3*w + i - 37. List the prime factors of w.
3
Suppose -4*d + 20 = 0, 4*d + 1539 = -2*k + 3*k. What are the prime factors of k?
1559
Let b = -1202 + 2203. What are the prime factors of b?
7, 11, 13
Let g be -3*3/(-27)*6. Suppose -g*k = 4*u - 42, -k + 2*k + 5*u - 9 = 0. What are the prime factors of k?
29
Let c be -31 - (-12)/(-4) - 0. Let w be 9 + 2 - (-15)/(-5). Let i = w - c. What are the prime factors of i?
2, 3, 7
Suppose -5*a - 4*u = -3685, -11*a + 7*a + 2948 = 3*u. What are the prime factors of a?
11, 67
Suppose 15*h - 5538 = -708. List the prime factors of h.
2, 7, 23
Let g(p) = 564*p - 734. List the prime factors of g(7).
2, 1607
Suppose -2*z = -7*z - 2*x + 12, -5*z = -3*x - 7. Let i(b) = b + 45*b**2 - z*b + 6*b - 3*b + 2. List the prime factors of i(-1).
3, 5
Suppose 2*o = -h + 995, -3*o + 990 = -o - 4*h. Suppose -2*j + 0*q + o = -5*q, 3*j - q - 778 = 0. What are the prime factors of j?
3, 29
Let u be (15/4)/((-7)/(-56)). Suppose 3*a - 2*a = 3*s + u, 2*a - 60 = 2*s. Suppose w - a = -3*f, 4*w - 52 = 2*w - 4*f. List the prime factors of w.
2, 3
Let s(g) = -3*g**2 - 19*g + 23. Let a(o) = 4*o**2 + 29*o - 35. Let d(h) = -5*a(h) - 7*s(h). Let t be d(11). List the prime factors of 3 - (-3 - -2)*t.
2, 3
Let t = -324 + 66. What are the prime factors of (t/(-10) - -1)/((-6)/(-15))?
67
Let n be 76/(-133) - (-6420)/14. Suppose -q + 3*f + 60 + 42 = 0, 4*q = 2*f + n. List the prime factors of q.
3, 13
Suppose 0 = -7*z + 5470 + 1887. What are the prime factors of z?
1051
Let k(b) = b**3 - 21*b**2 + 40*b - 39. Let x be k(19). Let l(o) be the first derivative of -5*o**4/2 + o**2/2 + o + 1. List the prime factors of l(x).
2, 5
Suppose -3*h + 4*s = -4573, 6733 = 4*h - 5*s + 637. What are the prime factors of h?
7, 31
Let g be (-10)/45 + (-40)/(-18). Let y = 7 - g. Let d = y + 1. What are the prime factors of d?
2, 3
Let l(y) = -7*y + 12. Suppose -9*c - 18 = -7*c. List the prime factors of l(c)